{"id":7,"date":"2020-01-15T22:28:31","date_gmt":"2020-01-15T19:28:31","guid":{"rendered":"http:\/\/fthsigorta.com\/?page_id=7"},"modified":"2020-02-03T22:16:38","modified_gmt":"2020-02-03T19:16:38","slug":"hakkimizda","status":"publish","type":"page","link":"https:\/\/fthsigorta.com\/?page_id=7","title":{"rendered":"Hakk\u0131m\u0131zda"},"content":{"rendered":"\n<div class=\"is-layout-flow wp-block-group\"><div class=\"wp-block-group__inner-container\">\n<p>FTH S\u0130GORTA ARACILIK H\u0130ZMETLER\u0130 2012 y\u0131l\u0131nda sigorta sekt\u00f6r\u00fcnde elementer, sa\u011fl\u0131k, hayat ve t\u00fcm sigortac\u0131l\u0131k alan\u0131nda faaliyet g\u00f6stermeye ba\u015flam\u0131\u015ft\u0131r. <\/p>\n<\/div><\/div>\n\n\n\n<p>Faaliyete ba\u015flad\u0131\u011f\u0131 ilk g\u00fcnlerden bu yana sigortac\u0131l\u0131k alan\u0131ndaki d\u00fcr\u00fcstl\u00fck ilkesi anlay\u0131\u015f\u0131ndan bir an bile ayr\u0131lmayan FTH S\u0130GORTA ARACILIK H\u0130ZMETLER\u0130, g\u00fcn\u00fcm\u00fczde \u00e7ok farkl\u0131 kesimlerden her m\u00fc\u015fteriye ula\u015fm\u0131\u015f olman\u0131n gururunu ya\u015famaktad\u0131r. <\/p>\n\n\n\n<p>FTH S\u0130GORTA ARACILIK H\u0130ZMETLER\u0130 bug\u00fcn de T\u00fcrkiye\u2019nin her yerinden m\u00fc\u015fterilerine ilk g\u00fcnk\u00fc heyecan ve d\u00fcr\u00fcstl\u00fck ilkesi do\u011frultusunda hizmet vermeye devam etmektedir. <\/p>\n\n\n\n<p>Kurulu\u015fundan bug\u00fcne kadar, yani 8 y\u0131ldan bu yana her m\u00fc\u015fterisine ay\u0131n\u0131 kalite ve standartta hizmet vermeye hep \u00f6zen g\u00f6stermi\u015ftir. Sigortal\u0131s\u0131n\u0131 en do\u011fru bi\u00e7imde bilgilendirmek i\u00e7in ne eksik ne fazla bilgi aktar\u0131m\u0131n\u0131 t\u00fcm \u00e7al\u0131\u015fanlar\u0131 olarak d\u00fcr\u00fcstl\u00fck ilkesi haline getirmi\u015ftir.<\/p>\n","protected":false},"excerpt":{"rendered":"<p>FTH S\u0130GORTA ARACILIK H\u0130ZMETLER\u0130 2012 y\u0131l\u0131nda sigorta sekt\u00f6r\u00fcnde elementer, sa\u011fl\u0131k, hayat ve t\u00fcm sigortac\u0131l\u0131k alan\u0131nda faaliyet g\u00f6stermeye ba\u015flam\u0131\u015ft\u0131r. Faaliyete ba\u015flad\u0131\u011f\u0131 ilk g\u00fcnlerden bu yana sigortac\u0131l\u0131k alan\u0131ndaki d\u00fcr\u00fcstl\u00fck ilkesi anlay\u0131\u015f\u0131ndan bir an bile ayr\u0131lmayan FTH S\u0130GORTA ARACILIK H\u0130ZMETLER\u0130, g\u00fcn\u00fcm\u00fczde \u00e7ok farkl\u0131<\/p>\n","protected":false},"author":1,"featured_media":0,"parent":0,"menu_order":0,"comment_status":"closed","ping_status":"closed","template":"","meta":[],"_links":{"self":[{"href":"https:\/\/fthsigorta.com\/index.php?rest_route=\/wp\/v2\/pages\/7"}],"collection":[{"href":"https:\/\/fthsigorta.com\/index.php?rest_route=\/wp\/v2\/pages"}],"about":[{"href":"https:\/\/fthsigorta.com\/index.php?rest_route=\/wp\/v2\/types\/page"}],"author":[{"embeddable":true,"href":"https:\/\/fthsigorta.com\/index.php?rest_route=\/wp\/v2\/users\/1"}],"replies":[{"embeddable":true,"href":"https:\/\/fthsigorta.com\/index.php?rest_route=%2Fwp%2Fv2%2Fcomments&post=7"}],"version-history":[{"count":7,"href":"https:\/\/fthsigorta.com\/index.php?rest_route=\/wp\/v2\/pages\/7\/revisions"}],"predecessor-version":[{"id":156,"href":"https:\/\/fthsigorta.com\/index.php?rest_route=\/wp\/v2\/pages\/7\/revisions\/156"}],"wp:attachment":[{"href":"https:\/\/fthsigorta.com\/index.php?rest_route=%2Fwp%2Fv2%2Fmedia&parent=7"}],"curies":[{"name":"wp","href":"https:\/\/api.w.org\/{rel}","templated":true}]}}